{"id":10,"date":"2016-09-04T11:45:57","date_gmt":"2016-09-04T11:45:57","guid":{"rendered":"http:\/\/anke-simon-spd.de\/?page_id=10"},"modified":"2016-09-04T13:22:11","modified_gmt":"2016-09-04T13:22:11","slug":"impressum","status":"publish","type":"page","link":"https:\/\/www.anke-simon-spd.de\/?page_id=10","title":{"rendered":"Impressum"},"content":{"rendered":"<p><strong>Angaben gem\u00e4\u00df\u00a0<\/strong><strong>\u00a7<\/strong><strong>\u00a05\u00a0<\/strong><strong>TMG sowie\u00a0<\/strong><strong>Verantwortlich f\u00fcr den Inhalt nach\u00a0<\/strong><strong>\u00a7<\/strong><strong>\u00a055\u00a0<\/strong><strong>Abs.<\/strong><strong>\u00a02 RStV:<\/strong><\/p>\n<p>Anke Simon\u00a0MdL<\/p>\n<p>Oberstra\u00dfe 15a<\/p>\n<p>67065 Ludwigshafen<\/p>\n<p>&nbsp;<\/p>\n<p><strong>Copyright<\/strong><\/p>\n<p><strong>\u00a0<\/strong><\/p>\n<p>Alle Texte, alle Fotos, alle Gestaltungselemente dieses Servers sind urheberrechtlich gesch\u00fctzt. Jede Verwertung ohne Zustimmung des Eigent\u00fcmers ist unzul\u00e4ssig. Soweit als Urheberrechtsinhaber (bzw. Verwertungsberechtigter) ein Dritter angegeben ist, m\u00fcssen die Verwertungsrechte vor entsprechender Nutzung von diesem erworben werden.<\/p>\n<p><strong>\u00a0<\/strong><\/p>\n<p><strong>Haftungsausschluss<\/strong><\/p>\n<p>&nbsp;<\/p>\n<p>Der Inhaber dieser Seite \u00fcbernimmt keinerlei Gew\u00e4hr f\u00fcr die Aktualit\u00e4t, Korrektheit, Vollst\u00e4ndigkeit oder Qualit\u00e4t der bereitgestellten Informationen. Haftungsanspr\u00fcche gegen ihn, welche sich auf Sch\u00e4den materieller oder ideeller Art beziehen, die durch die Nutzung oder Nichtnutzung fehlerhafter oder unvollst\u00e4ndiger Informationen verursacht werden, sind grunds\u00e4tzlich ausgeschlossen, sofern seitens des Inhabers kein nachweislich vors\u00e4tzliches oder grob fahrl\u00e4ssiges Verhalten vorliegt.<\/p>\n<p>Bei direkten oder indirekten Verweisen auf fremde Internetseiten (&#8222;Links&#8220;), die au\u00dferhalb des Verantwortungsbereichs des Betreibers liegen, k\u00e4me eine Haftung lediglich dann in Betracht, wenn der Inhaber dieser Seite von den Inhalten Kenntnis hat, und es ihm technisch m\u00f6glich und zumutbar w\u00e4re, die Nutzung im Falle rechtswidriger Inhalte zu verhindern.<\/p>\n<p>Der Inhaber dieser Seite erkl\u00e4rt hiermit ausdr\u00fccklich, dass zum Zeitpunkt der Linksetzung keine illegalen Inhalte auf den zu verlinkenden Seiten erkennbar waren. Auf die aktuelle und zuk\u00fcnftige Gestaltung, die Inhalte oder die Urheberschaft der verlinkten\/verkn\u00fcpften Seiten hat er keinerlei Einfluss. Deshalb distanziert er sich hiermit ausdr\u00fccklich von allen Inhalten verlinkter\/verkn\u00fcpfter Seiten, die nach der Linksetzung ver\u00e4ndert worden sind. Diese Feststellung gilt f\u00fcr alle innerhalb des eigenen Internetangebotes gesetzten Links und Verweise sowie f\u00fcr Fremdeintr\u00e4ge in vom Betreiber eingerichteten G\u00e4steb\u00fcchern, Diskussionsforen und Mailinglisten. F\u00fcr illegale, fehlerhafte oder unvollst\u00e4ndige Inhalte und insbesondere f\u00fcr Sch\u00e4den, die aus den Nutzungen oder Nichtnutzungen solcher angebotener Informationen entstehen, haftet allein der Anbieter der Seite, auf welche verwiesen wurde, nicht indes derjenige, der \u00fcber Links auf die jeweilige Ver\u00f6ffentlichung lediglich verweist.<\/p>\n<p>Sollten Teile oder einzelne Formulierungen des Haftungsausschlusses der geltenden Rechtslage nicht, nicht mehr oder nicht vollst\u00e4ndig entsprechen, bleiben die \u00fcbrigen Teile in ihrem Inhalt und ihre G\u00fcltigkeit davon unber\u00fchrt.<\/p>\n<p>&nbsp;<\/p>\n<p><strong>Personenbezogene Daten<\/strong><\/p>\n<p>&nbsp;<\/p>\n<p>Personenbezogene Daten sind Informationen, die dazu genutzt werden k\u00f6nnen, Ihre Identit\u00e4t zu erfahren. Darunter fallen Informationen wie Ihr Name, Adresse, Postanschrift, Telefonnummer. Informationen, die nicht mit Ihrer Identit\u00e4t in Verbindung gebracht werden (wie zum Beispiel Anzahl der Nutzer der Site), fallen nicht darunter. Sie k\u00f6nnen unser Online-Angebot grunds\u00e4tzlich ohne Offenlegung Ihrer Identit\u00e4t nutzen.<\/p>\n<p>Wir geben keine persohnenbezogenen Daten ohne Ihre ausdr\u00fcckliches Einwilligung an Dritte weiter. Soweit wir gesetzlich oder per Gerichtsbeschluss dazu verpflichtet sind, werden wir Ihre Daten an auskunftsberechtigte Stellen \u00fcbermitteln.<\/p>\n","protected":false},"excerpt":{"rendered":"<p>Angaben gem\u00e4\u00df\u00a0\u00a7\u00a05\u00a0TMG sowie\u00a0Verantwortlich f\u00fcr den Inhalt nach\u00a0\u00a7\u00a055\u00a0Abs.\u00a02 RStV: Anke Simon\u00a0MdL Oberstra\u00dfe 15a 67065 Ludwigshafen &nbsp; Copyright \u00a0 Alle Texte, alle Fotos, alle Gestaltungselemente dieses Servers sind urheberrechtlich gesch\u00fctzt. Jede Verwertung ohne Zustimmung des Eigent\u00fcmers ist unzul\u00e4ssig. Soweit als Urheberrechtsinhaber (bzw&#8230;. <a class=\"more-link\" href=\"https:\/\/www.anke-simon-spd.de\/?page_id=10\">Weiterlesen &rarr;<\/a><\/p>\n","protected":false},"author":1,"featured_media":0,"parent":0,"menu_order":0,"comment_status":"closed","ping_status":"closed","template":"","meta":[],"_links":{"self":[{"href":"https:\/\/www.anke-simon-spd.de\/index.php?rest_route=\/wp\/v2\/pages\/10"}],"collection":[{"href":"https:\/\/www.anke-simon-spd.de\/index.php?rest_route=\/wp\/v2\/pages"}],"about":[{"href":"https:\/\/www.anke-simon-spd.de\/index.php?rest_route=\/wp\/v2\/types\/page"}],"author":[{"embeddable":true,"href":"https:\/\/www.anke-simon-spd.de\/index.php?rest_route=\/wp\/v2\/users\/1"}],"replies":[{"embeddable":true,"href":"https:\/\/www.anke-simon-spd.de\/index.php?rest_route=%2Fwp%2Fv2%2Fcomments&post=10"}],"version-history":[{"count":2,"href":"https:\/\/www.anke-simon-spd.de\/index.php?rest_route=\/wp\/v2\/pages\/10\/revisions"}],"predecessor-version":[{"id":25,"href":"https:\/\/www.anke-simon-spd.de\/index.php?rest_route=\/wp\/v2\/pages\/10\/revisions\/25"}],"wp:attachment":[{"href":"https:\/\/www.anke-simon-spd.de\/index.php?rest_route=%2Fwp%2Fv2%2Fmedia&parent=10"}],"curies":[{"name":"wp","href":"https:\/\/api.w.org\/{rel}","templated":true}]}}